Calculate the remainder when 5924 is divided by 2898.
128
Calculate the remainder when 44342 is divided by 1722.
1292
What is the remainder when 9246 is divided by 1402?
834
Calculate the remainder when 4390 is divided by 123.
85
What is the remainder when 1372 is divided by 38?
4
Calculate the remainder when 8649 is divided by 476.
81
What is the remainder when 795 is divided by 781?
14
Calculate the remainder when 21375 is divided by 1932.
123
Calculate the remainder when 88624 is divided by 17722.
14
What is the remainder when 12336 is divided by 73?
72
Calculate the remainder when 33396 is divided by 814.
22
What is the remainder when 1426863 is divided by 1244?
1239
Calculate the remainder when 18955 is divided by 794.
693
What is the remainder when 60567 is divided by 45?
42
Calculate the remainder when 9510 is divided by 16.
6
Calculate the remainder when 38352 is divided by 14.
6
Calculate the remainder when 369928 is divided by 649.
647
Calculate the remainder when 13235 is divided by 13220.
15
What is the remainder when 698 is divided by 137?
13
Calculate the remainder when 214874 is divided by 71622.
8
Calculate the remainder when 611457 is divided by 90.
87
What is the remainder when 1063 is divided by 55?
18
What is the remainder when 23530 is divided by 4698?
40
What is the remainder when 271693 is divided by 885?
883
Calculate the remainder when 1338086 is divided by 611.
607
What is the remainder when 818540 is divided by 57?
20
What is the remainder when 265 is divided by 253?
12
What is the remainder when 280733 is divided by 426?
425
What is the remainder when 1172386 is divided by 102?
100
What is the remainder when 161330 is divided by 3?
2
What is the remainder when 231959 is divided by 11?
2
What is the remainder when 11760 is divided by 45?
15
Calculate the remainder when 132891 is divided by 321.
318
Calculate the remainder when 15317 is divided by 665.
22
What is the remainder when 102819 is divided by 194?
193
What is the remainder when 635503 is divided by 19?
10
Calculate the remainder when 15492 is divided by 820.
732
Calculate the remainder when 3746 is divided by 1701.
344
What is the remainder when 4651 is divided by 432?
331
What is the remainder when 2977 is divided by 2977?
0
Calculate the remainder when 16538 is divided by 1400.
1138
Calculate the remainder when 2898 is divided by 1440.
18
Calculate the remainder when 1677 is divided by 825.
27
What is the remainder when 1668 is divided by 27?
21
What is the remainder when 17500 is divided by 11?
10
What is the remainder when 174427 is divided by 1111?
0
What is the remainder when 8089 is divided by 16?
9
Calculate the remainder when 3428 is divided by 10.
8
What is the remainder when 7205 is divided by 70?
65
Calculate the remainder when 6928 is divided by 27.
16
Calculate the remainder when 115651 is divided by 29.
28
Calculate the remainder when 15481 is divided by 1190.
11
What is the remainder when 26373 is divided by 179?
60
What is the remainder when 18608 is divided by 1119?
704
Calculate the remainder when 1715 is divided by 842.
31
Calculate the remainder when 486 is divided by 353.
133
What is the remainder when 4769 is divided by 343?
310
What is the remainder when 43491 is divided by 131?
130
What is the remainder when 110379 is divided by 27586?
35
Calculate the remainder when 38190 is divided by 19073.
44
Calculate the remainder when 351294 is divided by 96.
30
Calculate the remainder when 13017 is divided by 3253.
5
Calculate the remainder when 37571 is divided by 671.
666
What is the remainder when 582229 is divided by 670?
669
What is the remainder when 25324 is divided by 7?
5
Calculate the remainder when 801957 is divided by 21.
9
What is the remainder when 12122 is divided by 1065?
407
Calculate the remainder when 2280 is divided by 45.
30
What is the remainder when 8683 is divided by 4199?
285
Calculate the remainder when 121308 is divided by 57.
12
What is the remainder when 37376 is divided by 550?
526
What is the remainder when 7753 is divided by 1549?
8
What is the remainder when 30795 is divided by 30776?
19
Calculate the remainder when 6181 is divided by 50.
31
What is the remainder when 34922 is divided by 1127?
1112
What is the remainder when 212170 is divided by 25?
20
What is the remainder when 995 is divided by 924?
71
What is the remainder when 7836 is divided by 124?
24
What is the remainder when 101838 is divided by 80?
78
What is the remainder when 10534 is divided by 20?
14
Calculate the remainder when 3442 is divided by 442.
348
Calculate the remainder when 21454 is divided by 1787.
10
Calculate the remainder when 20596 is divided by 162.
22
Calculate the remainder when 24800 is divided by 52.
48
Calculate the remainder when 1923 is divided by 1874.
49
Calculate the remainder when 140564 is divided by 9.
2
What is the remainder when 9103 is divided by 44?
39
What is the remainder when 12661 is divided by 165?
121
What is the remainder when 15599 is divided by 120?
119
What is the remainder when 174277 is divided by 25?
2
What is the remainder when 603 is divided by 20?
3
Calculate the remainder when 117953 is divided by 983.
976
Calculate the remainder when 24257 is divided by 12127.
3
What is the remainder when 8843 is divided by 48?
11
Calculate the remainder when 5910 is divided by 219.
216
Calculate the remainder when 4529 is divided by 910.
889
What is the remainder when 386709 is divided by 369?
366
What is the remainder when 73935 is divided by 36949?
37
What is the remainder when 31207 is divided by 18?
13
What is the remainder when 6305 is divided by 1221?
200
What is the remainder when 1476 is divided by 24?
12
What is the remainder when 299221 is divided by 37401?
13
Calculate the remainder when 680733 is divided by 59.
50
What is the remainder when 14411 is divided by 195?
176
What is the remainder when 1342448 is divided by 9?
8
Calculate the remainder when 30037 is divided by 51.
49
Calculate the remainder when 1538 is divided by 149.
48
What is the remainder when 214868 is divided by 151?
146
What is the remainder when 2281515 is divided by 395?
390
Calculate the remainder when 17738 is divided by 58.
48
What is the remainder when 2558 is divided by 52?
10
What is the remainder when 44577 is divided by 455?
442
Calculate the remainder when 187416 is divided by 77.
75
What is the remainder when 10122 is divided by 112?
42
What is the remainder when 301543 is divided by 163?
156
Calculate the remainder when 173 is divided by 17.
3
Calculate the remainder when 42035 is divided by 93.
92
What is the remainder when 1986 is divided by 1720?
266
What is the remainder when 5922 is divided by 142?
100
Calculate the remainder when 1015 is divided by 268.
211
What is the remainder when 167210 is divided by 5225?
10
Calculate the remainder when 4308 is divided by 31.
30
Calculate the remainder when 27715 is divided by 66.
61
What is the remainder when 53866 is divided by 9?
1
Calculate the remainder when 47806 is divided by 288.
286
What is the remainder when 4651 is divided by 144?
43
What is the remainder when 136627 is divided by 51?
49
Calculate the remainder when 597300 is divided by 49774.
12
Calculate the remainder when 74436 is divided by 91.
89
What is the remainder when 12948 is divided by 376?
164
What is the remainder when 9611 is divided by 3?
2
Calculate the remainder when 86759 is divided by 120.
119
Calculate the remainder when 1285998 is divided by 41.
33
What is the remainder when 1726 is divided by 141?
34
What is the remainder when 538969 is divided by 73?
10
What is the remainder when 50836 is divided by 27?
22
What is the remainder when 39368 is divided by 7865?
43
What is the remainder when 13171 is divided by 1968?
1363
Calculate the remainder when 430856 is divided by 147.
146
What is the remainder when 8112 is divided by 23?
16
What is the remainder when 69201 is divided by 82?
75
Calculate the remainder when 7882 is divided by 12.
10
What is the remainder when 14879 is divided by 827?
820
What is the remainder when 758 is divided by 750?
8
What is the remainder when 10829 is divided by 1033?
499
Calculate the remainder when 102 is divided by 70.
32
What is the remainder when 1119 is d